 = 25 - 13. Suppose 5*h + b = 2*h. List the prime factors of (8/(-3))/(h/6).
2
Suppose -5*g - 5*w = -20, 2*w + w = -g + 6. Suppose -g*l = 13 - 34. What are the prime factors of l?
7
Let c(q) = -q**3 + 6*q**2 + q - 6. Let n be c(6). Let i = -10 - -7. What are the prime factors of (2 - n - i) + 2?
7
Suppose -2*o + 3 = -3. Let p(g) = 2*g + 4. Let t be p(o). Suppose 0 = -4*c + 5*y + 38 + 22, -t = c + 5*y. List the prime factors of c.
2, 5
Suppose 0 = -4*i - 2*y - 14, 3*i - 2*i + 5*y = -26. Let k(g) = -4*g + 1. What are the prime factors of k(i)?
5
Let l = -30 + 39. What are the prime factors of l?
3
Let k be 0 - 2*(1 - 2). Suppose 0 = -5*o - 25, -k*s + 3*s + 5*o = -19. What are the prime factors of s?
2, 3
Suppose h - 4*j = -0*h + 60, h - 2*j = 70. Suppose -3*t + h = t. List the prime factors of t.
2, 5
Let h(p) = -p**2 - 34*p - 11. What are the prime factors of h(-28)?
157
List the prime factors of (3/3)/(2/154).
7, 11
Let u(z) = -89*z + 1. List the prime factors of u(-1).
2, 3, 5
Suppose 3*i + i - 12 = 0. Suppose -c - 2*c + 138 = -w, -i*w + 9 = 0. List the prime factors of c.
47
Let w = 28 + -10. Let k = w - 14. List the prime factors of k.
2
Let a(b) = 54*b**2 - 2*b - 3. What are the prime factors of a(2)?
11, 19
Suppose 4*z + 8*g = 3*g + 336, -3*z + 3*g + 279 = 0. What are the prime factors of z?
89
Suppose -5*b = 2*z - 144 - 18, 3*b + 3*z - 90 = 0. List the prime factors of b.
2, 17
Suppose 5*h = -4*c + 2*c + 67, c - 3*h = 61. List the prime factors of c.
2, 23
Suppose -126*m + 121*m = -1565. List the prime factors of m.
313
Let u(w) = -10*w - 73. List the prime factors of u(-23).
157
Let f = 13 - 4. Let o be (-2)/f + (-6)/(-27). Suppose o = w + 2*w - 33. What are the prime factors of w?
11
Let i(m) = -m**3 - 8*m**2 - m. Let l be i(-8). Let g = 9 - l. What are the prime factors of 5 + -2 - (-14 + g)?
2
Let k = -9 + 11. Suppose 4*j = 3*b - 77 - 5, k*b - 3*j = 55. List the prime factors of b.
2, 13
Suppose 0 = n - 4*y + 37, 3*n = 2*y + 2*y - 103. Let i = 80 + n. What are the prime factors of i?
47
What are the prime factors of ((-162)/7)/(-3) + (-8)/(-28)?
2
Let y(m) = -m - 4. Let p be y(-4). Let a(f) = f - 18. Let n be a(p). Let w = n - -28. What are the prime factors of w?
2, 5
Let f = 53 - 36. Suppose -11 = -4*o + f. What are the prime factors of o?
7
Suppose -d + 4 = 4*f + 3*d, -4 = -f + 2*d. Let z = 12 - f. List the prime factors of z.
2, 5
Suppose b + 1 - 42 = 0. Let p = -27 + b. List the prime factors of p.
2, 7
Let j be (-8 + 3)*(-6)/10. Let z = 1 + j. Suppose 0 = z*d - d - 51. What are the prime factors of d?
17
Suppose t - 324 = -2*t. Suppose -5*i = -9*i + t. What are the prime factors of i?
3
Let z(u) = 5*u**3 - u**2 + u. Let a be z(1). Suppose -4*j = -5*j + a. Suppose -j = -k + 3. What are the prime factors of k?
2
Let k = 1 + 27. What are the prime factors of k?
2, 7
Let b = -1 - -6. Suppose -37 = -4*o + b*z, -3*o + 29 = 5*z + 10. Let p = o - -4. What are the prime factors of p?
2, 3
Let v = 4 - 2. Suppose -5*n + v*n + 48 = 0. What are the prime factors of n?
2
Let l(m) = -m**2 - 8*m - 6. Let t be l(-6). What are the prime factors of (-4)/t + 116/12?
3
Let b(a) = -15*a. Let d be b(-1). Suppose v - d = -4*v. List the prime factors of v.
3
Let q(n) = 4*n - 17. What are the prime factors of q(8)?
3, 5
Let s(t) = -5*t + 1 + 0*t - 2*t**2 + 0 + 3*t**2. List the prime factors of s(7).
3, 5
Let y be -3*1 - (-16 + -3). Let s = 25 - y. List the prime factors of s.
3
Let u be (-264)/36*18/(-4). What are the prime factors of u + 1*3/3?
2, 17
Let r be (-1)/(-4) - (-1141)/28. Let m = 65 - r. What are the prime factors of m?
2, 3
Let q = 2 + -3. Let p be ((-4)/(-2) + q)*0. What are the prime factors of -1 + p + 8 - -1?
2
Let d be (0 + -3)*2/(-3). Let t = d - -2. List the prime factors of t.
2
Suppose -5*c + 1 = -4. Let y(k) = -5*k + 2*k + 4*k**2 + 4*k. List the prime factors of y(c).
5
Suppose 4*v = -2*w + 6*w + 16, 2*w + 3*v + 23 = 0. List the prime factors of (-75)/w - 2/(-7).
11
Suppose -3*c + 0*c + 3*f + 21 = 0, -c - 5*f + 25 = 0. List the prime factors of c.
2, 5
Let j(m) = 2*m + 8. Let g be j(-3). Suppose 3*b - 20 = -p + 2, 3*b = g*p - 80. What are the prime factors of p?
2, 17
Let s = 5 - 5. Let u = 5 + s. Suppose -j - 25 = -4*m, -u*m + 0*j + 45 = -4*j. List the prime factors of m.
5
Suppose 0 = -3*s + 121 - 13. What are the prime factors of s?
2, 3
Let h be (-2 + 1)*(7 + -1). List the prime factors of 224/36 - h/(-27).
2, 3
Let m(q) = -q**2 - 7*q + 2. Suppose 0 = -5*i - 3*c - 61 + 11, -3*i = -c + 16. What are the prime factors of m(i)?
2
Let q be (3 - 113 - 1) + 1. List the prime factors of (-22)/(-77) - q/7.
2
Let c = 38 + -30. What are the prime factors of c?
2
List the prime factors of (118*(-2)/(-16))/(11/88).
2, 59
Let y = 1 + 0. Suppose 4*a + y + 3 = 0. Let h = a + 3. What are the prime factors of h?
2
Let r(k) = k**2 - 3*k + 1. Let t be r(4). Let s(f) = f**2 - 5*f + 3. Let w be s(3). Let v = w + t. List the prime factors of v.
2
Let g be ((0/1)/3)/2. Suppose -2*n + 7*n - 35 = g. List the prime factors of n.
7
Suppose -2*d = -6*d + 12. Suppose -z = 2*h + 4*z - 20, -3*h + 30 = -d*z. Suppose h = 2*n, 46 = 2*b + 3*n + 9. List the prime factors of b.
11
Let v(i) = -2 - i - i**2 + i**3 + 0*i - 3*i**2 + 2*i**2. List the prime factors of v(3).
2
Suppose 8*d - 15 = 3*d. Suppose 5*f = 0, -5*c = -d*c - 5*f + 26. Let a = c - -35. What are the prime factors of a?
2, 11
Let h = -6 + 79. List the prime factors of h.
73
Let f(a) = 144*a**2 - a. List the prime factors of f(1).
11, 13
Suppose -3*d = -0*d - 6. Let v = d - 0. Suppose 0 = -k - v*k + 54. List the prime factors of k.
2, 3
Suppose -f - 29 = -5*j, 8 = -f + j - 25. Let r be (80/12 - 4)*-3. What are the prime factors of f/(-10) + r/20?
3
Let z = -8 - -22. Suppose -s + 6 = -2*s. Let i = z + s. List the prime factors of i.
2
Suppose 0 = -5*k + 2*m + 10, k - 3*m + 0 = -11. List the prime factors of k.
2
Suppose -83 = -3*k - 4*v, 4*k + 0*v = -4*v + 104. Suppose -5*r + 51 = 2*w, 0 = -3*w + 2*r + 65 + k. Suppose 3*x = -x + w. List the prime factors of x.
7
Let c = -10 - -10. Suppose 3*z - 69 + 0 = c. List the prime factors of z.
23
Suppose -2*i + 2*j + 10 = -2*j, 0 = 5*i + j + 8. Let l(n) = 9*n**2 - n. What are the prime factors of l(i)?
2, 5
Let r = 0 - 1. Let p be (-12)/10*(-75)/30. Let b = p + r. List the prime factors of b.
2
Let c(x) = x + 2. Let b(w) = -2*w + 5. Let f be b(5). Let r be c(f). List the prime factors of ((-96)/(-9))/(-2)*r.
2
Let z be 1*((-1)/3 + (-5)/(-15)). Let q(k) be the third derivative of -k**6/120 + k**3 - k**2. What are the prime factors of q(z)?
2, 3
Suppose 5*y = -r + 32, 2*y - 2*r + 0 - 8 = 0. Suppose -y - 34 = -5*x. What are the prime factors of x?
2
Suppose 4 + 16 = 5*n, -3*g - 2*n + 794 = 0. List the prime factors of g.
2, 131
Suppose -3*w + 53 = -37. Suppose -d + w = 2*d. List the prime factors of d.
2, 5
Let p be (-5)/(-3) + 9/27. Suppose -125 = -p*i - 3*i. What are the prime factors of i?
5
Let h(n) = 1 - 5 - 7*n - 2 - n**2. Let z be h(-6). Suppose m - 2 = -z. List the prime factors of m.
2
Let v = 4 - -144. List the prime factors of v.
2, 37
Let s(n) = -2*n + 1. Let z(h) = 4*h - 1. Suppose v - 10 = 3*p, 0*p = v + 4*p + 18. Let k(w) = v*z(w) - 5*s(w). What are the prime factors of k(4)?
5
Let k(h) = -h**3 + h + 9. Let t = -6 - -6. List the prime factors of k(t).
3
Let n = 83 + 10. List the prime factors of n.
3, 31
What are the prime factors of (233 + -1)*(-4)/(-8)?
2, 29
Let x(q) = -q + 9 - q - 2. Let w be x(6). Let z = w + 17. What are the prime factors of z?
2, 3
Let k(t) = 3*t**2 - 7*t - 12. What are the prime factors of k(6)?
2, 3
Suppose -5*l - 5*q - 60 = 0, 0 = 5*l - 3*q + 42 + 34. Let k = 35 + l. List the prime factors of k.
3, 7
Let b = 3 + -2. Let v be -2 + (0 - 1)*b. List the prime factors of v/9 - (-19)/3.
2, 3
Let c = 13 - 8. Suppose -c*o - 67 = -2*b, 11*o = 3*b + 6*o - 98. Suppose 0 = -4*g - g - 4*a + b, -4*a + 28 = 4*g. List the prime factors of g.
3
Suppose 0 = 3*c - 2*x - 1151, -6*x - 760 = -2*c - x. What are the prime factors of c?
5, 7, 11
Let s = 11 + -4. Let w(c) = 9*c**2 - 3*c + 4*c + 9*c**2 - s*c**2. List the prime factors of w(-1).
2, 5
Let h(f) = 64*f - 42. List the prime factors of h(7).
2, 7, 29
Let j(a) = 3*a**2 - a - 9. What ar